{"id":2,"date":"2013-11-13T13:51:46","date_gmt":"2013-11-13T13:51:46","guid":{"rendered":"http:\/\/sites.hampshire.edu\/jsperling\/?page_id=2"},"modified":"2025-04-01T19:54:13","modified_gmt":"2025-04-01T19:54:13","slug":"sample-page","status":"publish","type":"page","link":"https:\/\/sites.hampshire.edu\/jsperling\/","title":{"rendered":"Jutta Sperling"},"content":{"rendered":"<p>&nbsp;<\/p>\n<div id=\"attachment_127\" style=\"width: 310px\" class=\"wp-caption alignnone\"><a href=\"http:\/\/sites.hampshire.edu\/jsperling\/files\/2025\/04\/Jutta-with-bird-blue-background-scaled.jpeg\"><img loading=\"lazy\" decoding=\"async\" aria-describedby=\"caption-attachment-127\" class=\"size-medium wp-image-127\" src=\"http:\/\/sites.hampshire.edu\/jsperling\/files\/2025\/04\/Jutta-with-bird-blue-background-300x225.jpeg\" alt=\"\" width=\"300\" height=\"225\" srcset=\"https:\/\/sites.hampshire.edu\/jsperling\/files\/2025\/04\/Jutta-with-bird-blue-background-300x225.jpeg 300w, https:\/\/sites.hampshire.edu\/jsperling\/files\/2025\/04\/Jutta-with-bird-blue-background-1024x768.jpeg 1024w, https:\/\/sites.hampshire.edu\/jsperling\/files\/2025\/04\/Jutta-with-bird-blue-background-768x576.jpeg 768w, https:\/\/sites.hampshire.edu\/jsperling\/files\/2025\/04\/Jutta-with-bird-blue-background-1536x1152.jpeg 1536w, https:\/\/sites.hampshire.edu\/jsperling\/files\/2025\/04\/Jutta-with-bird-blue-background-2048x1536.jpeg 2048w, https:\/\/sites.hampshire.edu\/jsperling\/files\/2025\/04\/Jutta-with-bird-blue-background-624x468.jpeg 624w\" sizes=\"(max-width: 300px) 100vw, 300px\" \/><\/a><p id=\"caption-attachment-127\" class=\"wp-caption-text\">OLYMPUS DIGITAL CAMERA<\/p><\/div>\n<p><strong>Professor of History, Hampshire College<\/strong>, <a title=\"mailto:jsperling@hampshire.edu\" href=\"mailto:jsperling@hampshire.edu\">jsperling@hampshire.edu<\/a><\/p>\n<p><strong>Visiting Scholar of History, <\/strong><strong>Amherst College, <\/strong>jsperling@amherst.edu<\/p>\n<p><strong>Teaching Interests:<\/strong><\/p>\n<p>I teach a variety of courses on the history of medieval and early modern Europe (ca. 1000-1800), with a special interest in Renaissance and Baroque visual culture; gender, family and the law in the wider Mediterranean; body history; Catholicism; and late medieval and early modern Ethiopian History. I integrate bodies of knowledge from different disciplines such as art history, religious history, social and cultural history, the history of medicine, legal history, queer studies, and postcolonial studies. Recent courses include &#8220;Renaissance Bodies;&#8221; &#8220;Women&#8217;s Writing, Art, and Music in Medieval and Early Modern Europe (ca. 1100-1800);&#8221; &#8220;The Virgin Mary;&#8221; &#8220;Law, Family, and Sexuality in the Wider Mediterranean (ca. 1300-1800);&#8221; &#8220;Queering the Renaissance;&#8221; &#8220;Venice, Perfect City;&#8221; &#8220;Nuns, Saints, and Mystics;&#8221; &#8220;Decolonial and Colonial Archives: Historical Research Methods;&#8221; in addition to survey courses on Medieval and Renaissance history.<\/p>\n<p><strong>Current and Past Research Interests:<\/strong><\/p>\n<p>My current research takes me to Ethiopia, where I investigate the <em>N\u00e4g\u00e4r\u00e4 Maryam<\/em> or <em>Story of Mary<\/em>, a unique apocryphon that tells the story of the Holy Family&#8217;s peregrinations and persecution by Herod in a new manner. Focus of my analysis is an illuminated deluxe manuscript from 1721-30, a prime example of the Second Gondar Style, catalogued at the British Library as Or. 603. Prior to this, I have published on <span style=\"font-size: 1rem\">the fifteenth-century cult of the Nursing Virgin and its iconography in book art and painted wooden panels. Also, I am co-editing a volume entitled <em>The Virgin&#8217;s Milk: On the Fluidity of Images and the Production of Divine Presence<\/em>, with Mati Meyer and Vibeke Olson (forthcoming with Brepols).\u00a0<\/span><\/p>\n<p>My monograph <em>Roman Charity: Queer Lactations in Early Modern Visual Culture <\/em>investigates the popularity of the iconography of Pero and Cimon, or the daughter-who-breastfed-her-father-(or-mother)-in-prison. Drawing on recent concepts in visual culture and queer studies, I examine these highly sexualized representations as subversive of early modern patriarchal structures. Additionally, I have published articles on the <em>Nursing Virgin, Venus lactans, <\/em>and breastfeeding<em> Charity.<\/em> My investigations of images of the eroticized (and queer) maternal body builds on my prior work on marriage and women&#8217;s property rights in Portugal and the wider Mediterranean as well as Venetian convent culture. All of my work has the aim to reveal and deconstruct the workings of early modern patriarchies.<\/p>\n<p><strong>Selected Publications:<\/strong><\/p>\n<p><strong>Books:<\/strong><\/p>\n<p><a href=\"https:\/\/www.degruyter.com\/view\/product\/472718\"><em>Roman Charity: Queer Lactations in Early Modern Visual Culture<\/em><\/a> (transcript Verlag, Bielefeld, 2016; open source: De Gruyter, 2016)<\/p>\n<p><a href=\"http:\/\/www.ashgate.com\/isbn\/9781409448600\" target=\"_blank\" rel=\"noopener noreferrer\"><em>Medieval and<\/em> <em>Renaissance Lactations: Images, Rhetorics, and Practices<\/em><\/a> (edited volume) (Ashgate Press, 2013).<\/p>\n<p><a href=\"http:\/\/books.google.com\/books?id=NkSOAgAAQBAJ&amp;pg=PP1&amp;lpg=PP1&amp;dq=sperling+wray+across+routledge&amp;source=bl&amp;ots=mMvfXPD0-W&amp;sig=H6lS8UMM1QblPgPXoci2ebTJOXs&amp;hl=en&amp;sa=X&amp;ei=hn7qU7q9IPXIsATIyYK4Dw&amp;ved=0CGcQ6AEwCQ#v=onepage&amp;q=sperling%20wray%20across%20routledge&amp;f=false\" target=\"_blank\" rel=\"noopener noreferrer\"><em>Across the Religious Divide: Women, Property, and Law in the Wider Mediterranean (1300-1800<\/em><\/a>); co-edited with Shona K. Wray; (Routledge, 2010).<\/p>\n<p><a href=\"http:\/\/press.uchicago.edu\/ucp\/books\/book\/chicago\/C\/bo3635270.html\" target=\"_blank\" rel=\"noopener noreferrer\"><em>\u00a0<\/em><em>Convents and the Body Politic in Late Renaissance Venice <\/em><\/a>(University of Chicago Press, 1999).<\/p>\n<p><strong>Articles:<\/strong><\/p>\n<p>\u201cVenus Lactans \u2013 Venus Pudica: Archaeology of a Gesture,\u201d <em>Early Modern Women <\/em>19,2 (2025): 249-82.<a href=\"https:\/\/www.journals.uchicago.edu\/eprint\/Z5CUBD7TI3XNGTWWJZFE\/full?redirectUri=\/doi\/epdf\/10.1086\/730156\">https:\/\/www.journals.uchicago.edu\/eprint\/Z5CUBD7TI3XNGTWWJZFE\/full?redirectUri=\/doi\/epdf\/10.1086\/730156<\/a><\/p>\n<p>\u201cIcons of the Nursing Virgin in Fifteenth-Century Ethiopia,\u201d <em>The Art Bulletin<\/em> 106,2 (2024): 92-118.<a href=\"https:\/\/www.tandfonline.com\/doi\/full\/10.1080\/00043079.2024.2296278\">https:\/\/www.tandfonline.com\/doi\/full\/10.1080\/00043079.2024.2296278<\/a><\/p>\n<p>&#8220;Die Stillende Jungfrau in der \u00e4thiopischen Buchmalerei: Bemerkungen zu Stil, Medium, Gegenw\u00e4rtigkeit und (Un-)Mittelbarkeit,\u201d <em>Convivium<\/em>, XI,1, special issue: <em>The Arts of Medieval Northern Africa<\/em>, eds. Nathan Dennis and Ravinder Binning (2024): 150-67.<a href=\"https:\/\/www.brepols.net\/products\/IS-9782503608297-1\">https:\/\/www.brepols.net\/products\/IS-9782503608297-1<\/a><\/p>\n<p>\u201cCaravaggios Sieben Werke der Barmherzigkeit und die stillende Tochter als Allegorie der Caritas,\u201d <em>Kunst und Kirche<\/em> 3 (2022): 22-27.<\/p>\n<p>\u201cThe Anachronic Madonna Lactans: Impersonations of the Nursing Virgin by Cindy Sherman, Catherine Opie, and Vanessa Beecroft,\u201d <em>Zeitschrift f\u00fcr Kunstgeschichte<\/em> 84 (2021): 408-40.<a href=\"https:\/\/www.deutscherkunstverlag.de\/article\/10.1515\/ZKG-2021-3005?backButtonTitle=Volume%2084%20(2021):%20Issue%203%20(September%202021)\">https:\/\/www.deutscherkunstverlag.de\/article\/10.1515\/ZKG-2021-3005?backButtonTitle=Volume%2084%20(2021):%20Issue%203%20(September%202021)<\/a><\/p>\n<p>\u201cNurse, Nursing,\u201d with Mati Meyer, in: <em>Encyclopedia of the Bible and Its Reception Online<\/em>, eds. Constance M. Furey et al., (Oldenbourg: De Gruyter, 2010-).<a href=\"https:\/\/www.degruyter.com\/database\/EBR\/entry\/key_7a3ef899-0f22-4dda-890c-a890db1db086\/html\">https:\/\/www.degruyter.com\/database\/EBR\/entry\/key_7a3ef899-0f22-4dda-890c-a890db1db086\/html<\/a><\/p>\n<p>\u201cMilk and Miracles: Heteroglossia and Dissent in Venetian Art after the Council of Trent,\u201d <em>Journal of Medieval and Early Modern Studies<\/em>, 51:2 (2021): 285-320.<a href=\"https:\/\/read.dukeupress.edu\/jmems\/article-abstract\/51\/2\/285\/173425\/Milk-and-Miracles-Heteroglossia-and-Dissent-in?redirectedFrom=fulltext\">https:\/\/read.dukeupress.edu\/jmems\/article-abstract\/51\/2\/285\/173425\/Milk-and-Miracles-Heteroglossia-and-Dissent-in?redirectedFrom=fulltext<\/a><\/p>\n<p>\u201cObserving the Observant Self: Female Reader Portraits and the Lactating Madonna in Illuminated Prayer Books (1450-1566),\u201d in: <em>Bodies in Early Modern Religious Dissent: Naked, Veiled \u2013 Vilified, Worshiped<\/em>, eds. Xenia von Tippelskirch and Elisabeth Fischer (Routledge, forthcoming 2021).<\/p>\n<p>\u201cFeminist, Queer, Subversive: Appropriations of <em>Roman Charity<\/em>\/\u03a6\u0395\u039c\u0399\u039d\u0399\u03a3\u03a4\u0399\u039a\u0395\u03a3, \u0391\u039b\u039b\u039f\u0301\u039a\u039f\u0301\u03a4\u0395\u03a3, \u0391\u039d\u0391\u03a4\u03a1\u0395\u03a0\u03a4\u0399\u039a\u0395\u03a3: \u039f\u0301\u03b9\u03ba\u03b5\u03b9\u03bf\u03c0\u03bf\u03b9\u03b7\u0301\u03c3\u03b5\u03b9\u03c2 \u03c4\u03b7\u03c2 \u03a1\u03c9\u03bc\u03b1\u03b9\u0308\u03ba\u03b7\u0301\u03c2 \u03b5\u03c5\u03c3\u03c0\u03bb\u03b1\u03c7\u03bd\u03b9\u0301\u03b1\u03c2\u201d in: <em>59 TIFF (Thessaloniki International Film Festival) Non Catalog \/ <\/em><em>59 <\/em><em>\u03a6\u039a\u0398<\/em> <em>\u0391<\/em> <em>\u039a\u0391\u03a4\u0391\u039b\u039f\u0393\u039f\u03a3<\/em> (Thessaloniki, 2018), 52-65.<\/p>\n<p>&#8220;The Family Economy: A Comparative Perspective on Legitimate Marriage, the Dispossession of Mothers, and the Displacement of Children&#8221; in: <em>The Cultural History of Marriage in the Renaissance and Early Modern Age<\/em>, ed. Joanne M. Ferraro (London: Bloomsbury Academic, 2019), 83-99.<\/p>\n<p>\u201cA Feminist Picture Atlas: Images of Lactation in Medieval and Early Modern Art,\u201d<em>Early Modern Women<\/em>, vol. 13, no. 1 (2018), 117-31.<\/p>\n<p>&#8220;Squeezing, Squirting, Spilling Milk: The <em>Lactation of Saint Bernard <\/em>and the Flemish\u00a0<em>Madonna Lactans\u00a0<\/em>(ca. 1430-1530),&#8221; <em>Renaissance Quarterly<\/em>, vol. 71, no. 3 (2018), 868-918.<a href=\"https:\/\/www-cambridge-org.amherst.idm.oclc.org\/core\/services\/aop-cambridge-core\/content\/view\/S0034433800136565\">https:\/\/www-cambridge-org.amherst.idm.oclc.org\/core\/services\/aop-cambridge-core\/content\/view\/S0034433800136565<\/a><\/p>\n<p>&#8220;Same-Sex Lactations in European Art and Literature (ca. 1300-1800): Allegory, Melancholy, Loss,&#8221; in: <em>Cultural Representations of Breastfeeding<\/em>, eds. Ann Marie A. Short, Abigail L. Palko, and Dionne Irving (Demeter Press, 2018, 50-69).<\/p>\n<p>&#8220;Caritas Romana: zu einem verlorengegangenen Gem\u00e4lde Angelika Kauffmanns,&#8221; in: <em>K\u00fcnstlerinnen der Vormoderne. Sammelband zum 4. Kunsthistorischen Forum Irsee<\/em>, eds. Andreas Tacke and Birgit Ulrike M\u00fcnch (Petersberg: Michael Imhof Verlag, 2017), 170-82.<\/p>\n<p>&#8220;Address, Desire, Lactation: On some Gender-bending Images of the <em>Virgin and Child<\/em> by Jan Gossaert,&#8221; <em>Wallraf-Richartz-Jahrbuch<\/em> LXXVI (2015): 49-77.<\/p>\n<p>\u201cWet-Nurses, Midwives, and the Virgin Mary in Tintoretto\u2019s <em>The Birth of Saint John the Baptist <\/em>(1563)\u201d in: <em>Medieval and<\/em> <em>Renaissance Lactations: Images, Rhetorics, Practices,<\/em> ed. Jutta Sperling (Ashgate Press, 2013), pp. 235-54.<\/p>\n<p>\u201cCharity\u2019s Nudity and the Veil of Allegory,\u201d in<em>:<\/em> <em>Renaissance Studies in Honor of Joseph Connors<\/em>, (Milan, Libraria Officina, and Cambridge, MA, Harvard University Press, 2013), pp. 520-26.<\/p>\n<p>\u201cThe Economics and Politics of Marriage,\u201d in: <em>The Ashgate<\/em> <em>Research Companion to Women and Gender in Early Modern Europe<\/em>, Allyson Poska, Katherine McIver, Jane Couchman, eds., (Ashgate Press, 2013), pp. 213-33.<\/p>\n<p><a href=\"https:\/\/www.academia.edu\/5719378\/Las_Casas_and_his_Amerindian_Nurse_Tropes_of_Lactation_in_the_French_Colonial_Imaginary_ca._1770-1815_\" target=\"_blank\" rel=\"noopener noreferrer\">&#8220;Las Casas and His Amerindian Nurse: Tropes of Lactation in the French Colonial Imaginary (ca. 1770-1810),&#8221;<\/a> <em>Gender &amp; History,<\/em> 23,1 (2011): 47-71.<\/p>\n<p>&#8220;&#8216;Divenni madre e figlia di mio padre.&#8217; Queer Lactations in Renaissance and Baroque Art,&#8221; in: <em>Sex Acts: Practice, Performance, Perversion and Punishment in Early Modern Europe<\/em>, ed. by Allison Levy, (Ashgate, 2010), pp. 165-180.<\/p>\n<p>[Italian translation: &#8220;&#8216;Divenni madre e figlio di mio padre&#8217;: allattamenti strani ed incestuosi nell&#8217;arte rinascimentale e barocca,&#8221; in: <em>Sesso nel Rinascimento. Pratica, performance, perversione e punizione nell&#8217;Italia del Rinascimento<\/em>, ed. by Allison Levy, (Florence, Casa Editrice delle Lettere, 2009), pp. 171-185.]<\/p>\n<p>&#8220;Marriage, Kinship, Property in Portuguese Testaments (1649-50),&#8221; in: <em>Across the Religious Divide: Women, Property, and Law in the Wider Mediterranean (1300-1800)<\/em>, co-edited with Shona Kelly Wray <em>(<\/em>Routledge, 2010), pp. 158-174.<\/p>\n<p>&#8220;Allegories of Charity and the Practice of Poor Relief at the Scuola Grande di San Rocco,&#8221; <em>Wallraf-Richartz-Jahrbuch<\/em>, vol. LXX (2009): 119-146.<\/p>\n<p><a href=\"https:\/\/www.academia.edu\/7326054\/Dowries_or_Inheritance_Kinship_Property_and_Womens_Agency_in_Lisbon_Venice_and_Florence_1572_\" target=\"_blank\" rel=\"noopener noreferrer\">&#8220;Dowry or Inheritance? Kinship, Property, and Women&#8217;s Agency in Lisbon, Venice, Florence (1572)<\/a>&#8220;, <em>Journal of Early Modern History<\/em>, vol. 11 no. 3 (2007): 197-238.<\/p>\n<p><a href=\"https:\/\/www.academia.edu\/7326148\/Womens_Property_Rights_in_Portugal_under_Dom_Joao_I_1385-1433_a_Comparison_with_Renaissance_Italy\" target=\"_blank\" rel=\"noopener noreferrer\">\u201cWomen&#8217;s Property Rights in Portugal under Dom Jo\u00e3o I (1385-1433). A Comparison with Renaissance Italy,&#8221;<\/a> <em>Portuguese Studies Review<\/em>, vol. 13, no. 1 (2005): 1-33.<\/p>\n<p><a href=\"https:\/\/www.academia.edu\/5719381\/Marriage_at_the_Time_of_the_Council_of_Trent_1560-70_Clandestine_Marriages_Kinship_Prohibitions_and_Dowry_Exchange_in_European_Comparison\" target=\"_blank\" rel=\"noopener noreferrer\">\u201cMarriage at the Time of the Council of Trent (1560-70): Clandestine Marriages, Kinship Prohibitions, and Dowry Exchange in European Comparison,\u201d<\/a> <em>Journal of Early Modern History<\/em>, vol. 8, no. 1-2 (2004): 67-108.<\/p>\n<p><a href=\"https:\/\/www.academia.edu\/7325973\/The_Paradox_of_Perfection_Reproducing_the_Body_Politic_in_Late_Renaissance_Venice\" target=\"_blank\" rel=\"noopener noreferrer\">\u201cThe Paradox of Perfection: Reproducing the Body Politic in Late Renaissance Venice,\u201d <\/a><em>Comparative Studies in Society and History,<\/em> 41, no. 1 (1999): 3-32.<\/p>\n","protected":false},"excerpt":{"rendered":"<p>&nbsp; Professor of History, Hampshire College, jsperling@hampshire.edu Visiting Scholar of History, Amherst College, jsperling@amherst.edu Teaching Interests: I teach a variety of courses on the history of medieval and early modern Europe (ca. 1000-1800), with a special interest in Renaissance and Baroque visual culture; gender, family and the law in the wider Mediterranean; body history; Catholicism; [&hellip;]<\/p>\n","protected":false},"author":3,"featured_media":0,"parent":0,"menu_order":0,"comment_status":"closed","ping_status":"closed","template":"","meta":{"_monsterinsights_skip_tracking":false,"_monsterinsights_sitenote_active":false,"_monsterinsights_sitenote_note":"","_monsterinsights_sitenote_category":0,"footnotes":""},"class_list":["post-2","page","type-page","status-publish","hentry"],"_links":{"self":[{"href":"https:\/\/sites.hampshire.edu\/jsperling\/wp-json\/wp\/v2\/pages\/2"}],"collection":[{"href":"https:\/\/sites.hampshire.edu\/jsperling\/wp-json\/wp\/v2\/pages"}],"about":[{"href":"https:\/\/sites.hampshire.edu\/jsperling\/wp-json\/wp\/v2\/types\/page"}],"author":[{"embeddable":true,"href":"https:\/\/sites.hampshire.edu\/jsperling\/wp-json\/wp\/v2\/users\/3"}],"replies":[{"embeddable":true,"href":"https:\/\/sites.hampshire.edu\/jsperling\/wp-json\/wp\/v2\/comments?post=2"}],"version-history":[{"count":39,"href":"https:\/\/sites.hampshire.edu\/jsperling\/wp-json\/wp\/v2\/pages\/2\/revisions"}],"predecessor-version":[{"id":128,"href":"https:\/\/sites.hampshire.edu\/jsperling\/wp-json\/wp\/v2\/pages\/2\/revisions\/128"}],"wp:attachment":[{"href":"https:\/\/sites.hampshire.edu\/jsperling\/wp-json\/wp\/v2\/media?parent=2"}],"curies":[{"name":"wp","href":"https:\/\/api.w.org\/{rel}","templated":true}]}}