{"id":119,"date":"2013-05-26T17:46:08","date_gmt":"2013-05-26T17:46:08","guid":{"rendered":"http:\/\/sites.hampshire.edu\/hap\/?page_id=119"},"modified":"2020-01-27T17:53:58","modified_gmt":"2020-01-27T17:53:58","slug":"glass-plate-negatives-2","status":"publish","type":"page","link":"https:\/\/sites.hampshire.edu\/hap\/copyrightpermissions\/glass-plate-negatives-2\/","title":{"rendered":"Derecho de autor\/Permisos"},"content":{"rendered":"<p>Todos los derechos de autor pertenecen al Plan Maestro de la Oficina del Historiador de la Ciudad de La Habana, Cuba. http:\/\/www.planmaestro.ohc.cu\/<\/p>\n<p>Hampshire College ha obtenido los derechos para administrar el archivo digital, a trav\u00e9s del Proyecto de Materiales Latinoamericanos del Centro de Bibliotecas de Investigaci\u00f3n (Research Libraries Latin American Materials Project) y almacenar, acceder y reproducir el material con fines no lucrativos, de acuerdo con los preceptos que rigen el Centro de Bibliotecas de Investigaci\u00f3n, T\u00e9rminos y Condiciones.<\/p>\n<p>Las fotograf\u00edas est\u00e1n disponibles en un archivo digital de acceso abierto con fines educativos, no comerciales a los Cinco Colleges: Colecci\u00f3n Digital: <a href=\"https:\/\/compass.fivecolleges.edu\/\">https:\/\/compass.fivecolleges.edu\/<\/a> and the <a href=\"http:\/\/www.crl.edu\/\">Center for Research Libraries.\u00a0<\/a><\/p>\n<p>Las matrices de los archivos digitales est\u00e1n almacenadas en un \u201carchivo oscuro\u201d (\u201cdark archive\u201d ) en un servidor en la biblioteca de Hampshire College Library, as\u00ed como en un disco duro externo.<\/p>\n<p>&nbsp;<\/p>\n","protected":false},"excerpt":{"rendered":"<p>Todos los derechos de autor pertenecen al Plan Maestro de la Oficina del Historiador de la Ciudad de La Habana, Cuba. http:\/\/www.planmaestro.ohc.cu\/ Hampshire College ha obtenido los derechos para administrar el archivo digital, a trav\u00e9s del Proyecto de Materiales Latinoamericanos del Centro de Bibliotecas de Investigaci\u00f3n (Research Libraries Latin American Materials Project) y almacenar, acceder [&hellip;]<\/p>\n","protected":false},"author":619,"featured_media":0,"parent":7,"menu_order":0,"comment_status":"closed","ping_status":"open","template":"","meta":{"footnotes":""},"class_list":["post-119","page","type-page","status-publish","hentry"],"_links":{"self":[{"href":"https:\/\/sites.hampshire.edu\/hap\/wp-json\/wp\/v2\/pages\/119"}],"collection":[{"href":"https:\/\/sites.hampshire.edu\/hap\/wp-json\/wp\/v2\/pages"}],"about":[{"href":"https:\/\/sites.hampshire.edu\/hap\/wp-json\/wp\/v2\/types\/page"}],"author":[{"embeddable":true,"href":"https:\/\/sites.hampshire.edu\/hap\/wp-json\/wp\/v2\/users\/619"}],"replies":[{"embeddable":true,"href":"https:\/\/sites.hampshire.edu\/hap\/wp-json\/wp\/v2\/comments?post=119"}],"version-history":[{"count":16,"href":"https:\/\/sites.hampshire.edu\/hap\/wp-json\/wp\/v2\/pages\/119\/revisions"}],"predecessor-version":[{"id":581,"href":"https:\/\/sites.hampshire.edu\/hap\/wp-json\/wp\/v2\/pages\/119\/revisions\/581"}],"up":[{"embeddable":true,"href":"https:\/\/sites.hampshire.edu\/hap\/wp-json\/wp\/v2\/pages\/7"}],"wp:attachment":[{"href":"https:\/\/sites.hampshire.edu\/hap\/wp-json\/wp\/v2\/media?parent=119"}],"curies":[{"name":"wp","href":"https:\/\/api.w.org\/{rel}","templated":true}]}}